 to base 16
-56
Convert 12 (base 13) to base 5.
30
What is -556 (base 8) in base 16?
-16e
Convert 5 (base 6) to base 16.
5
3 (base 14) to base 3
10
-a (base 15) to base 6
-14
11110 (base 2) to base 16
1e
What is -10001001 (base 2) in base 3?
-12002
Convert 2 (base 10) to base 2.
10
Convert 5 (base 14) to base 11.
5
Convert -33 (base 4) to base 16.
-f
Convert 114 (base 8) to base 16.
4c
What is -a (base 14) in base 7?
-13
What is 4 (base 14) in base 5?
4
What is -27 (base 14) in base 10?
-35
41 (base 11) to base 14
33
Convert -17 (base 14) to base 15.
-16
What is 11010011 (base 2) in base 8?
323
What is -310 (base 5) in base 7?
-143
Convert 1c (base 14) to base 9.
28
Convert 5 (base 16) to base 15.
5
What is -12 (base 9) in base 3?
-102
-19 (base 11) to base 13
-17
What is -26 (base 12) in base 7?
-42
Convert -5 (base 10) to base 11.
-5
What is -18 (base 15) in base 5?
-43
Convert -3 (base 11) to base 12.
-3
What is -3 (base 16) in base 15?
-3
Convert 4 (base 13) to base 14.
4
Convert -114 (base 9) to base 6.
-234
Convert 28 (base 10) to base 11.
26
What is -132 (base 8) in base 3?
-10100
Convert 8 (base 12) to base 16.
8
What is 4 (base 8) in base 11?
4
Convert -13 (base 7) to base 3.
-101
Convert -7 (base 10) to base 6.
-11
Convert 8 (base 13) to base 2.
1000
Convert 80 (base 14) to base 7.
220
What is 5 (base 6) in base 16?
5
-101 (base 2) to base 4
-11
What is -8 (base 10) in base 2?
-1000
What is 4 (base 13) in base 10?
4
Convert 0 (base 16) to base 8.
0
What is -230 (base 6) in base 13?
-6c
What is -1 (base 7) in base 15?
-1
What is -120 (base 5) in base 14?
-27
-2 (base 7) to base 2
-10
What is -380 (base 9) in base 10?
-315
Convert -3c (base 16) to base 8.
-74
-6 (base 9) to base 13
-6
Convert -3 (base 15) to base 5.
-3
What is 1b (base 14) in base 3?
221
-20 (base 6) to base 4
-30
60 (base 9) to base 6
130
Convert 3 (base 5) to base 6.
3
-7 (base 12) to base 11
-7
What is 11 (base 3) in base 10?
4
Convert -2 (base 12) to base 4.
-2
Convert -6 (base 13) to base 14.
-6
Convert -194 (base 12) to base 16.
-100
Convert -23 (base 4) to base 11.
-10
-63 (base 13) to base 6
-213
Convert -10 (base 4) to base 12.
-4
Convert 139 (base 10) to base 14.
9d
-31 (base 11) to base 5
-114
3 (base 8) to base 12
3
Convert 31 (base 12) to base 8.
45
What is 1210 (base 3) in base 12?
40
What is -2 (base 4) in base 8?
-2
Convert -1 (base 3) to base 13.
-1
Convert -10 (base 6) to base 11.
-6
Convert 3100 (base 4) to base 13.
130
Convert -143 (base 6) to base 4.
-333
4 (base 15) to base 4
10
What is -122 (base 12) in base 13?
-101
Convert -4 (base 7) to base 5.
-4
What is -3 (base 11) in base 9?
-3
-17 (base 13) to base 6
-32
Convert 2 (base 4) to base 15.
2
Convert -5 (base 7) to base 11.
-5
-1020 (base 3) to base 14
-25
Convert 0 (base 4) to base 3.
0
12 (base 3) to base 5
10
Convert 2 (base 3) to base 12.
2
Convert -1010110 (base 2) to base 6.
-222
5 (base 14) to base 11
5
What is -314 (base 9) in base 16?
-100
1b (base 15) to base 8
32
What is 10 (base 4) in base 3?
11
What is 262 (base 9) in base 5?
1333
What is 9 (base 13) in base 9?
10
-a (base 11) to base 5
-20
What is e (base 16) in base 15?
e
Convert 134 (base 6) to base 8.
72
Convert -2 (base 6) to base 15.
-2
1022 (base 4) to base 15
4e
Convert -2413 (base 5) to base 12.
-25a
-4 (base 11) to base 9
-4
What is -8 (base 11) in base 16?
-8
Convert 11 (base 8) to base 11.
9
Convert -43 (base 5) to base 10.
-23
What is -12 (base 10) in base 16?
-c
Convert -5 (base 12) to base 8.
-5
1012 (base 5) to base 2
10000100
Convert -7c (base 13) to base 16.
-67
5 (base 8) to base 13
5
What is -13 (base 8) in base 16?
-b
What is -11100 (base 2) in base 3?
-1001
-29 (base 13) to base 15
-25
What is 1000110 (base 2) in base 11?
64
Convert 10 (base 4) to base 13.
4
-211 (base 6) to base 15
-54
Convert 50 (base 9) to base 13.
36
Convert -2 (base 7) to base 8.
-2
12 (base 3) to base 6
5
2 (base 10) to base 4
2
Convert -ab (base 15) to base 10.
-161
-170 (base 12) to base 4
-3210
106 (base 7) to base 10
55
-2 (base 4) to base 2
-10
What is -2 (base 10) in base 5?
-2
Convert -3 (base 12) to base 4.
-3
Convert -26 (base 7) to base 12.
-18
-217 (base 10) to base 5
-1332
-18 (base 10) to base 16
-12
Convert -42 (base 7) to base 6.
-50
-10110011 (base 2) to base 11
-153
Convert -20122 (base 3) to base 12.
-12b
Convert -63 (base 7) to base 6.
-113
Convert -1 (base 15) to base 12.
-1
224 (base 7) to base 9
138
Convert 101 (base 3) to base 16.
a
-2 (base 8) to base 11
-2
-1 (base 2) to base 10
-1
Convert -21 (base 3) to base 15.
-7
What is 15 (base 14) in base 16?
13
0 (base 14) to base 10
0
What is -1 (base 16) in base 4?
-1
11 (base 5) to base 16
6
What is -2 (base 8) in base 13?
-2
Convert 1 (base 11) to base 16.
1
-37 (base 12) to base 16
-2b
What is -3 (base 5) in base 2?
-11
What is -10 (base 4) in base 14?
-4
What is 4 (base 6) in base 16?
4
-a (base 14) to base 8
-12
-5 (base 6) to base 3
-12
What is 3000 (base 4) in base 13?
11a
-1 (base 12) to base 9
-1
What is 221 (base 4) in base 14?
2d
-93 (base 14) to base 2
-10000001
What is 78 (base 15) in base 5?
423
What is -216 (base 10) in base 8?
-330
What is 12222 (base 3) in base 10?
161
What is 110 (base 9) in base 7?
156
-3 (base 5) to base 7
-3
3 (base 15) to base 4
3
Convert -c (base 15) to base 4.
-30
2 (base 3) to base 4
2
Convert -2 (base 10) to base 3.
-2
What is -29 (base 13) in base 8?
-43
-12 (base 4) to base 14
-6
What is 2 (base 3) in base 12?
2
137 (base 9) to base 13
8b
Convert -1212 (base 3) to base 4.
-302
What is 3 (base 9) in base 5?
3
3a (base 15) to base 10
55
Convert -111011 (base 2) to base 13.
-47
a (base 13) to base 8
12
Convert 2 (base 11) to base 8.
2
Convert -b (base 15) to base 14.
-b
Convert 1 (base 10) to base 12.
1
2 (base 7) to base 14
2
-72 (base 14) to base 15
-6a
What is -7 (base 14) in base 2?
-111
0 (base 11) to base 5
0
Convert -53 (base 9) to base 15.
-33
What is -3 (base 4) in base 11?
-3
a (base 13) to base 10
10
What is 3 (base 15) in base 4?
3
Convert 101011 (base 2) to base 16.
2b
-1133 (base 5) to base 10
-168
251 (base 11) to base 8
452
Convert -5 (base 8) to base 12.
-5
113 (base 8) to base 4
1023
Convert 4 (base 5) to base 12.
4
Convert -110 (base 7) to base 13.
-44
Convert -5 (base 6) to base 4.
-11
What is -131 (base 7) in base 13?
-56
50 (base 15) to base 7
135
What is 2 (base 14) in base 3?
2
What is -100 (base 2) in base 16?
-4
-4b (base 14) to base 15
-47
What is -633 (base 7) in base 8?
-476
What is -2000 (base 3) in base 14?
-3c
4 (base 13) to base 4
10
What is -31 (base 12) in base 3?
-1101
-1 (base 3) to base 15
-1
Convert -20 (base 15) to base 5.
-110
Convert 320 (base 4) to base 14.
40
What is -2 (base 8) in base 14?
-2
What is 10 (base 2) in base 13?
2
What is -6 (base 10) in base 9?
-6
What is -5 (base 10) in base 13?
-5
-182 (base 9) to base 14
-b1
Convert -10 (base 13) to base 5.
-23
What is 6 (base 10) in base 7?
6
Convert -3 (base 9) to base 7.
-3
-78 (base 16) to base 9
-143
Convert -112 (base 3) to base 4.
-32
What is a (base 15) in base 16?
a
8 (base 16) to base 3
22
9 (base 15) to base 16
9
-20 (base 13) to base 4
-122
What is -2a (base 12) in base 6?
-54
0 (base 15) to base 3
0
What is -1 (base 9) in base 4?
-1
What is -110 (base 7) in base 5?
-211
What is -92 (base 12) in base 5?
-420
What is 1 (base 7) in base 16?
1
Convert -10 (base 7) to base 8.
-7
13 (base 7) to base 8
12
-39 (base 15) to base 4
-312
What is -6 (base 14) in base 8?
-6
What is -2 (base 15) in base 10?
-2
What is 42 (base 14) in base 12?
4a
Convert 1 (base 15) to base 16.
1
Convert -11001 (base 2) to base 6.
-41
14 (base 8) to base 2
1100
Convert -3 (base 5) to base 8.
-3
17 (base 10) to base 11
16
What is 4 (base 9) in base 6?
4
Convert 201 (base 3) to base 11.
18
What is 2 (base 3) in base 11?
2
Convert -22001 (base 3) to base 12.
-161
22 (base 15) to base 11
2a
Convert 124 (base 16) to base 9.
354
What is -102 (base 5) in base 3?
-1000
Convert 121 (base 5) to base 15.
26
Convert -2 (base 7) to base 10.
-2
20 (base 14) to base 4
130
What is -1 (base 9) in base 13?
-1
-11 (base 10) to base 7
-14
Convert -8 (base 11) to base 12.
-8
-144 (base 10) to base 16
-90
What is -b (base 16) in base 4?
-23
Convert -98 (base 15) to base 